{"id":405,"date":"2025-10-01T15:18:43","date_gmt":"2025-10-01T13:18:43","guid":{"rendered":"https:\/\/volmar.red.grupvolmar.com\/?page_id=405"},"modified":"2025-10-16T16:01:52","modified_gmt":"2025-10-16T14:01:52","slug":"volvo-personal-service","status":"publish","type":"page","link":"https:\/\/admin.volvocarsmataro.com\/ca\/volvo-personal-service\/","title":{"rendered":"Volvo Personal Service"},"content":{"rendered":"<div class=\"hero-block hero-block--small\" style=\"background-color: Page;\">\n                        <div class=\"hero-slide\">\n                                    <h2 class=\"hero-title\">Volvo Personal Service<\/h2>\n                                \n                                    <p class=\"hero-subtitle\">El teu expert exclusiu. Amb Volvo Personal Service, un t\u00e8cnic de servei personal s&#039;encarrega de tot.<\/p>\n                                \n                                    <div class=\"hero-image\">\n                                                    <img decoding=\"async\" src=\"https:\/\/admin.volvocarsmataro.com\/wp-content\/uploads\/sites\/2\/2025\/10\/highlightbueno-scaled.jpg\" alt=\"\">\n                                            <\/div>\n                                \n                                \n                            <\/div>\n            <\/div> \n\n\n<div class=\"info-grid-block\" style=\"background-color: Page;\">\n            <div class=\"info-grid\">\n                            <div class=\"info-item\">\n                                            <h3 class=\"info-title\">El teu propi t\u00e8cnic de servei personal<\/h3>\n                                        \n                                            <p class=\"info-text\">Tindr\u00e0s un expert TPS (T\u00e8cnic de Servei Personal) sempre assignat. Aix\u00f2 garanteix comunicaci\u00f3 directa, zero esperes i un coneixement profund del teu Volvo.<\/p>\n                                        \n                                    <\/div>\n                            <div class=\"info-item\">\n                                            <h3 class=\"info-title\">Experi\u00e8ncia Transparent i R\u00e0pida<\/h3>\n                                        \n                                            <p class=\"info-text\">Gaudeix d\u00b4un manteniment m\u00e9s r\u00e0pid i amb total transpar\u00e8ncia. El teu TPS s&#039;encarrega de tot, permetent esperar c\u00f2modament mentre es realitza la feina.<\/p>\n                                        \n                                    <\/div>\n                            <div class=\"info-item\">\n                                            <h3 class=\"info-title\">Comoditat Adaptada a la teva vida<\/h3>\n                                        \n                                            <p class=\"info-text\">El servei est\u00e0 dissenyat per a tu. El teu TPS coordina la cita perqu\u00e8 sigui el m\u00e9s convenient possible, minimitzant les interrupcions a la teva rutina di\u00e0ria.<\/p>\n                                        \n                                    <\/div>\n                            <div class=\"info-item\">\n                                            <h3 class=\"info-title\">Qualitat Volvo amb Zero Preocupacions<\/h3>\n                                        \n                                            <p class=\"info-text\">Nom\u00e9s fem servir peces originals instal\u00b7lades per especialistes. M\u00e0xim rendiment i seguretat assegurats, donant-te la tranquil\u00b7litat que la teva inversi\u00f3 est\u00e0 protegida.<\/p>\n                                        \n                                    <\/div>\n                    <\/div>\n    <\/div> \n\n\n<div class=\"image-with-text-block\" style=\"background-color: Page;\">\n    <div class=\"image-with-text image-with-text--left\">\n                    <div class=\"image-with-text__image\">\n                                    <img decoding=\"async\" src=\"https:\/\/admin.volvocarsmataro.com\/wp-content\/uploads\/sites\/2\/2025\/10\/volvo_selekt_service.avif\" alt=\"\">\n                            <\/div>\n                \n        <div class=\"image-with-text__content\">\n                            <h3 class=\"image-with-text__title\">La nostra plantilla de T\u00e8cnics de Servei Personalitzat<\/h3>\n                        \n                            <p class=\"image-with-text__text\">Des de mec\u00e0nica fins a electr\u00f2nica, cada t\u00e8cnic aporta la seva experi\u00e8ncia per tenir cura de cada aspecte del teu Volvo.<\/p>\n                        \n                    <\/div>\n    <\/div>\n<\/div> \n\n\n<div class=\"item-grid-block\" style=\"background-color: Page;\">\n            <div class=\"item-grid\">\n                            <div class=\"grid-item\">\n                                            <div class=\"item-image\">\n                                                            <img decoding=\"async\" src=\"https:\/\/admin.volvocarsmataro.com\/wp-content\/uploads\/sites\/2\/2025\/10\/VICENC-N-e1759495653371.jpg\" alt=\"\">\n                                                    <\/div>\n                                        \n                                            <h3 class=\"item-title\">Vicen\u00e7 Mu\u00f1oz<\/h3>\n                                        \n                                            <p class=\"item-text\">T\u00e8cnic TPS 621 683 211 vmunoz@volmar-lm.com<\/p>\n                                        \n                                    <\/div>\n                            <div class=\"grid-item\">\n                                            <div class=\"item-image\">\n                                                            <img decoding=\"async\" src=\"https:\/\/admin.volvocarsmataro.com\/wp-content\/uploads\/sites\/2\/2025\/10\/F.SALAZAR-N-e1759495550490.jpg\" alt=\"\">\n                                                    <\/div>\n                                        \n                                            <h3 class=\"item-title\">Francisco Salazar<\/h3>\n                                        \n                                            <p class=\"item-text\">Cap de taller 650 766 677 fsalazar@volmar-lm.com<\/p>\n                                        \n                                    <\/div>\n                            <div class=\"grid-item\">\n                                            <div class=\"item-image\">\n                                                            <img decoding=\"async\" src=\"https:\/\/admin.volvocarsmataro.com\/wp-content\/uploads\/sites\/2\/2025\/10\/NANDO-N-e1759495562235.jpg\" alt=\"\">\n                                                    <\/div>\n                                        \n                                            <h3 class=\"item-title\">Fernando Moreno<\/h3>\n                                        \n                                            <p class=\"item-text\">T\u00e8cnic TPS 621 683 216 fmoreno@volmar-lm.com<\/p>\n                                        \n                                    <\/div>\n                            <div class=\"grid-item\">\n                                            <div class=\"item-image\">\n                                                            <img decoding=\"async\" src=\"https:\/\/admin.volvocarsmataro.com\/wp-content\/uploads\/sites\/2\/2025\/10\/A.GOMEZ-N-e1759495577463.jpg\" alt=\"\">\n                                                    <\/div>\n                                        \n                                            <h3 class=\"item-title\">Albert Gomez<\/h3>\n                                        \n                                            <p class=\"item-text\">Suport 621 683 212 agomez@volmar-lm.com<\/p>\n                                        \n                                    <\/div>\n                            <div class=\"grid-item\">\n                                            <div class=\"item-image\">\n                                                            <img decoding=\"async\" src=\"https:\/\/admin.volvocarsmataro.com\/wp-content\/uploads\/sites\/2\/2025\/10\/JOSEP-N-e1759495591651.jpg\" alt=\"\">\n                                                    <\/div>\n                                        \n                                            <h3 class=\"item-title\">Josep Martorell<\/h3>\n                                        \n                                            <p class=\"item-text\">Resp. Recanvis 621 683 213 \/ 937 588 045 jmartorell@volmar-lm.com<\/p>\n                                        \n                                    <\/div>\n                    <\/div>\n    <\/div>","protected":false},"excerpt":{"rendered":"","protected":false},"author":1,"featured_media":0,"parent":0,"menu_order":0,"comment_status":"closed","ping_status":"closed","template":"","meta":{"_acf_changed":false,"footnotes":""},"class_list":["post-405","page","type-page","status-publish","hentry"],"acf":[],"yoast_head":"<!-- This site is optimized with the Yoast SEO plugin v26.0 - https:\/\/yoast.com\/wordpress\/plugins\/seo\/ -->\n<title>Volvo Personal Service - Volvo Cars Matar\u00f3<\/title>\n<meta name=\"robots\" content=\"noindex, follow, max-snippet:-1, max-image-preview:large, max-video-preview:-1\" \/>\n<meta property=\"og:locale\" content=\"ca_ES\" \/>\n<meta property=\"og:type\" content=\"article\" \/>\n<meta property=\"og:title\" content=\"Volvo Personal Service - Volvo Cars Matar\u00f3\" \/>\n<meta property=\"og:url\" content=\"https:\/\/admin.volvocarsmataro.com\/ca\/volvo-personal-service\/\" \/>\n<meta property=\"og:site_name\" content=\"Volvo Cars Matar\u00f3\" \/>\n<meta property=\"article:modified_time\" content=\"2025-10-16T14:01:52+00:00\" \/>\n<meta name=\"twitter:card\" content=\"summary_large_image\" \/>\n<script type=\"application\/ld+json\" class=\"yoast-schema-graph\">{\"@context\":\"https:\/\/schema.org\",\"@graph\":[{\"@type\":\"WebPage\",\"@id\":\"https:\/\/admin.volvocarsmataro.com\/volvo-personal-service\/\",\"url\":\"https:\/\/admin.volvocarsmataro.com\/volvo-personal-service\/\",\"name\":\"Volvo Personal Service - Volvo Cars Matar\u00f3\",\"isPartOf\":{\"@id\":\"https:\/\/admin.volvocarsmataro.com\/#website\"},\"datePublished\":\"2025-10-01T13:18:43+00:00\",\"dateModified\":\"2025-10-16T14:01:52+00:00\",\"breadcrumb\":{\"@id\":\"https:\/\/admin.volvocarsmataro.com\/volvo-personal-service\/#breadcrumb\"},\"inLanguage\":\"ca\",\"potentialAction\":[{\"@type\":\"ReadAction\",\"target\":[\"https:\/\/admin.volvocarsmataro.com\/volvo-personal-service\/\"]}]},{\"@type\":\"BreadcrumbList\",\"@id\":\"https:\/\/admin.volvocarsmataro.com\/volvo-personal-service\/#breadcrumb\",\"itemListElement\":[{\"@type\":\"ListItem\",\"position\":1,\"name\":\"Home\",\"item\":\"https:\/\/admin.volvocarsmataro.com\/\"},{\"@type\":\"ListItem\",\"position\":2,\"name\":\"Volvo Personal Service\"}]},{\"@type\":\"WebSite\",\"@id\":\"https:\/\/admin.volvocarsmataro.com\/#website\",\"url\":\"https:\/\/admin.volvocarsmataro.com\/\",\"name\":\"Volvo Cars Matar\u00f3\",\"description\":\"\",\"potentialAction\":[{\"@type\":\"SearchAction\",\"target\":{\"@type\":\"EntryPoint\",\"urlTemplate\":\"https:\/\/admin.volvocarsmataro.com\/?s={search_term_string}\"},\"query-input\":{\"@type\":\"PropertyValueSpecification\",\"valueRequired\":true,\"valueName\":\"search_term_string\"}}],\"inLanguage\":\"ca\"}]}<\/script>\n<!-- \/ Yoast SEO plugin. -->","yoast_head_json":{"title":"Volvo Personal Service - Volvo Cars Matar\u00f3","robots":{"index":"noindex","follow":"follow","max-snippet":"max-snippet:-1","max-image-preview":"max-image-preview:large","max-video-preview":"max-video-preview:-1"},"og_locale":"ca_ES","og_type":"article","og_title":"Volvo Personal Service - Volvo Cars Matar\u00f3","og_url":"https:\/\/admin.volvocarsmataro.com\/ca\/volvo-personal-service\/","og_site_name":"Volvo Cars Matar\u00f3","article_modified_time":"2025-10-16T14:01:52+00:00","twitter_card":"summary_large_image","schema":{"@context":"https:\/\/schema.org","@graph":[{"@type":"WebPage","@id":"https:\/\/admin.volvocarsmataro.com\/volvo-personal-service\/","url":"https:\/\/admin.volvocarsmataro.com\/volvo-personal-service\/","name":"Volvo Personal Service - Volvo Cars Matar\u00f3","isPartOf":{"@id":"https:\/\/admin.volvocarsmataro.com\/#website"},"datePublished":"2025-10-01T13:18:43+00:00","dateModified":"2025-10-16T14:01:52+00:00","breadcrumb":{"@id":"https:\/\/admin.volvocarsmataro.com\/volvo-personal-service\/#breadcrumb"},"inLanguage":"ca","potentialAction":[{"@type":"ReadAction","target":["https:\/\/admin.volvocarsmataro.com\/volvo-personal-service\/"]}]},{"@type":"BreadcrumbList","@id":"https:\/\/admin.volvocarsmataro.com\/volvo-personal-service\/#breadcrumb","itemListElement":[{"@type":"ListItem","position":1,"name":"Home","item":"https:\/\/admin.volvocarsmataro.com\/"},{"@type":"ListItem","position":2,"name":"Volvo Personal Service"}]},{"@type":"WebSite","@id":"https:\/\/admin.volvocarsmataro.com\/#website","url":"https:\/\/admin.volvocarsmataro.com\/","name":"Volvo Cars Matar\u00f3","description":"","potentialAction":[{"@type":"SearchAction","target":{"@type":"EntryPoint","urlTemplate":"https:\/\/admin.volvocarsmataro.com\/?s={search_term_string}"},"query-input":{"@type":"PropertyValueSpecification","valueRequired":true,"valueName":"search_term_string"}}],"inLanguage":"ca"}]}},"_links":{"self":[{"href":"https:\/\/admin.volvocarsmataro.com\/ca\/wp-json\/wp\/v2\/pages\/405","targetHints":{"allow":["GET"]}}],"collection":[{"href":"https:\/\/admin.volvocarsmataro.com\/ca\/wp-json\/wp\/v2\/pages"}],"about":[{"href":"https:\/\/admin.volvocarsmataro.com\/ca\/wp-json\/wp\/v2\/types\/page"}],"author":[{"embeddable":true,"href":"https:\/\/admin.volvocarsmataro.com\/ca\/wp-json\/wp\/v2\/users\/1"}],"replies":[{"embeddable":true,"href":"https:\/\/admin.volvocarsmataro.com\/ca\/wp-json\/wp\/v2\/comments?post=405"}],"version-history":[{"count":14,"href":"https:\/\/admin.volvocarsmataro.com\/ca\/wp-json\/wp\/v2\/pages\/405\/revisions"}],"predecessor-version":[{"id":1546,"href":"https:\/\/admin.volvocarsmataro.com\/ca\/wp-json\/wp\/v2\/pages\/405\/revisions\/1546"}],"wp:attachment":[{"href":"https:\/\/admin.volvocarsmataro.com\/ca\/wp-json\/wp\/v2\/media?parent=405"}],"curies":[{"name":"wp","href":"https:\/\/api.w.org\/{rel}","templated":true}]}}

<div class="hero-block hero-block--small" style="background-color: Page;">
                        <div class="hero-slide">
                                    <h2 class="hero-title">Volvo Personal Service</h2>
                                
                                    <p class="hero-subtitle">El teu expert exclusiu. Amb Volvo Personal Service, un tècnic de servei personal s&#039;encarrega de tot.</p>
                                
                                    <div class="hero-image">
                                                    <img decoding="async" src="https://admin.volvocarsmataro.com/wp-content/uploads/sites/2/2025/10/highlightbueno-scaled.jpg" alt="">
                                            </div>
                                
                                
                            </div>
            </div> 


<div class="info-grid-block" style="background-color: Page;">
            <div class="info-grid">
                            <div class="info-item">
                                            <h3 class="info-title">El teu propi tècnic de servei personal</h3>
                                        
                                            <p class="info-text">Tindràs un expert TPS (Tècnic de Servei Personal) sempre assignat. Això garanteix comunicació directa, zero esperes i un coneixement profund del teu Volvo.</p>
                                        
                                    </div>
                            <div class="info-item">
                                            <h3 class="info-title">Experiència Transparent i Ràpida</h3>
                                        
                                            <p class="info-text">Gaudeix d´un manteniment més ràpid i amb total transparència. El teu TPS s&#039;encarrega de tot, permetent esperar còmodament mentre es realitza la feina.</p>
                                        
                                    </div>
                            <div class="info-item">
                                            <h3 class="info-title">Comoditat Adaptada a la teva vida</h3>
                                        
                                            <p class="info-text">El servei està dissenyat per a tu. El teu TPS coordina la cita perquè sigui el més convenient possible, minimitzant les interrupcions a la teva rutina diària.</p>
                                        
                                    </div>
                            <div class="info-item">
                                            <h3 class="info-title">Qualitat Volvo amb Zero Preocupacions</h3>
                                        
                                            <p class="info-text">Només fem servir peces originals instal·lades per especialistes. Màxim rendiment i seguretat assegurats, donant-te la tranquil·litat que la teva inversió està protegida.</p>
                                        
                                    </div>
                    </div>
    </div> 


<div class="image-with-text-block" style="background-color: Page;">
    <div class="image-with-text image-with-text--left">
                    <div class="image-with-text__image">
                                    <img decoding="async" src="https://admin.volvocarsmataro.com/wp-content/uploads/sites/2/2025/10/volvo_selekt_service.avif" alt="">
                            </div>
                
        <div class="image-with-text__content">
                            <h3 class="image-with-text__title">La nostra plantilla de Tècnics de Servei Personalitzat</h3>
                        
                            <p class="image-with-text__text">Des de mecànica fins a electrònica, cada tècnic aporta la seva experiència per tenir cura de cada aspecte del teu Volvo.</p>
                        
                    </div>
    </div>
</div> 


<div class="item-grid-block" style="background-color: Page;">
            <div class="item-grid">
                            <div class="grid-item">
                                            <div class="item-image">
                                                            <img decoding="async" src="https://admin.volvocarsmataro.com/wp-content/uploads/sites/2/2025/10/VICENC-N-e1759495653371.jpg" alt="">
                                                    </div>
                                        
                                            <h3 class="item-title">Vicenç Muñoz</h3>
                                        
                                            <p class="item-text">Tècnic TPS 621 683 211 vmunoz@volmar-lm.com</p>
                                        
                                    </div>
                            <div class="grid-item">
                                            <div class="item-image">
                                                            <img decoding="async" src="https://admin.volvocarsmataro.com/wp-content/uploads/sites/2/2025/10/F.SALAZAR-N-e1759495550490.jpg" alt="">
                                                    </div>
                                        
                                            <h3 class="item-title">Francisco Salazar</h3>
                                        
                                            <p class="item-text">Cap de taller 650 766 677 fsalazar@volmar-lm.com</p>
                                        
                                    </div>
                            <div class="grid-item">
                                            <div class="item-image">
                                                            <img decoding="async" src="https://admin.volvocarsmataro.com/wp-content/uploads/sites/2/2025/10/NANDO-N-e1759495562235.jpg" alt="">
                                                    </div>
                                        
                                            <h3 class="item-title">Fernando Moreno</h3>
                                        
                                            <p class="item-text">Tècnic TPS 621 683 216 fmoreno@volmar-lm.com</p>
                                        
                                    </div>
                            <div class="grid-item">
                                            <div class="item-image">
                                                            <img decoding="async" src="https://admin.volvocarsmataro.com/wp-content/uploads/sites/2/2025/10/A.GOMEZ-N-e1759495577463.jpg" alt="">
                                                    </div>
                                        
                                            <h3 class="item-title">Albert Gomez</h3>
                                        
                                            <p class="item-text">Suport 621 683 212 agomez@volmar-lm.com</p>
                                        
                                    </div>
                            <div class="grid-item">
                                            <div class="item-image">
                                                            <img decoding="async" src="https://admin.volvocarsmataro.com/wp-content/uploads/sites/2/2025/10/JOSEP-N-e1759495591651.jpg" alt="">
                                                    </div>
                                        
                                            <h3 class="item-title">Josep Martorell</h3>
                                        
                                            <p class="item-text">Resp. Recanvis 621 683 213 / 937 588 045 jmartorell@volmar-lm.com</p>
                                        
                                    </div>
                    </div>
    </div>

<!-- This site is optimized with the Yoast SEO plugin v26.0 - https://yoast.com/wordpress/plugins/seo/ -->
<title>Volvo Personal Service - Volvo Cars Mataró</title>
<meta name="robots" content="noindex, follow, max-snippet:-1, max-image-preview:large, max-video-preview:-1" />
<meta property="og:locale" content="ca_ES" />
<meta property="og:type" content="article" />
<meta property="og:title" content="Volvo Personal Service - Volvo Cars Mataró" />
<meta property="og:url" content="https://admin.volvocarsmataro.com/ca/volvo-personal-service/" />
<meta property="og:site_name" content="Volvo Cars Mataró" />
<meta property="article:modified_time" content="2025-10-16T14:01:52+00:00" />
<meta name="twitter:card" content="summary_large_image" />
<script type="application/ld+json" class="yoast-schema-graph">{"@context":"https://schema.org","@graph":[{"@type":"WebPage","@id":"https://admin.volvocarsmataro.com/volvo-personal-service/","url":"https://admin.volvocarsmataro.com/volvo-personal-service/","name":"Volvo Personal Service - Volvo Cars Mataró","isPartOf":{"@id":"https://admin.volvocarsmataro.com/#website"},"datePublished":"2025-10-01T13:18:43+00:00","dateModified":"2025-10-16T14:01:52+00:00","breadcrumb":{"@id":"https://admin.volvocarsmataro.com/volvo-personal-service/#breadcrumb"},"inLanguage":"ca","potentialAction":[{"@type":"ReadAction","target":["https://admin.volvocarsmataro.com/volvo-personal-service/"]}]},{"@type":"BreadcrumbList","@id":"https://admin.volvocarsmataro.com/volvo-personal-service/#breadcrumb","itemListElement":[{"@type":"ListItem","position":1,"name":"Home","item":"https://admin.volvocarsmataro.com/"},{"@type":"ListItem","position":2,"name":"Volvo Personal Service"}]},{"@type":"WebSite","@id":"https://admin.volvocarsmataro.com/#website","url":"https://admin.volvocarsmataro.com/","name":"Volvo Cars Mataró","description":"","potentialAction":[{"@type":"SearchAction","target":{"@type":"EntryPoint","urlTemplate":"https://admin.volvocarsmataro.com/?s={search_term_string}"},"query-input":{"@type":"PropertyValueSpecification","valueRequired":true,"valueName":"search_term_string"}}],"inLanguage":"ca"}]}</script>
<!-- / Yoast SEO plugin. -->

Volvo Personal Service - Volvo Cars Mataró

Volvo Cars Mataró
